ivide 5871?
True
Is 74 a factor of 9842?
True
Is 3116 a multiple of 15?
False
Does 4 divide 1811?
False
Is 12173 a multiple of 19?
False
Is 10714 a multiple of 78?
False
Does 18 divide 69?
False
Is 27 a multiple of 3?
True
Does 105 divide 4443?
False
Is 5711 a multiple of 18?
False
Is 3243 a multiple of 47?
True
Does 28 divide 85?
False
Is 5748 a multiple of 12?
True
Is 8189 a multiple of 23?
False
Is 70 a factor of 2801?
False
Is 60 a factor of 26828?
False
Does 271 divide 72086?
True
Does 19 divide 2774?
True
Does 3 divide 120?
True
Is 27424 a multiple of 32?
True
Does 5 divide 80?
True
Is 4211 a multiple of 25?
False
Is 369 a multiple of 2?
False
Is 47 a factor of 8217?
False
Does 11 divide 1034?
True
Is 172 a factor of 12055?
False
Is 69 even?
False
Is 10 a factor of 24290?
True
Is 132 a multiple of 22?
True
Is 13 a factor of 2717?
True
Is 3861 a multiple of 11?
True
Does 21 divide 9296?
False
Does 17 divide 7331?
False
Does 12 divide 58052?
False
Does 24 divide 3564?
False
Is 27 a factor of 73201?
False
Is 169 a multiple of 91?
False
Is 557 a multiple of 11?
False
Is 13 a factor of 95?
False
Is 23 a factor of 1311?
True
Is 11 a factor of 2586?
False
Does 48 divide 1694?
False
Does 11 divide 1155?
True
Is 150 a multiple of 10?
True
Is 107 a factor of 38199?
True
Is 1568 a multiple of 32?
True
Is 87 a factor of 16125?
False
Is 23 a multiple of 13?
False
Is 31 a factor of 741?
False
Is 15417 a multiple of 34?
False
Is 6 a factor of 1194?
True
Is 24725 a multiple of 215?
True
Is 3 a factor of 1822?
False
Does 81 divide 76042?
False
Is 21 a factor of 6276?
False
Does 54 divide 18630?
True
Does 168 divide 9240?
True
Does 67 divide 15276?
True
Does 43 divide 3044?
False
Is 2901 a multiple of 38?
False
Does 118 divide 40710?
True
Is 308 a multiple of 14?
True
Does 2 divide 24?
True
Is 58 a factor of 16646?
True
Is 1400 a multiple of 35?
True
Is 7 a factor of 1118?
False
Does 19 divide 3591?
True
Does 34 divide 6084?
False
Is 7 a factor of 5139?
False
Does 21 divide 546?
True
Is 440 a multiple of 44?
True
Is 10 a factor of 4580?
True
Is 26 a factor of 1066?
True
Does 95 divide 1833?
False
Does 54 divide 3467?
False
Does 23 divide 16813?
True
Is 9 a factor of 1656?
True
Does 46 divide 20010?
True
Does 30 divide 3960?
True
Does 35 divide 1400?
True
Is 50825 a multiple of 203?
False
Is 23 a factor of 1211?
False
Does 24 divide 3360?
True
Is 8296 a multiple of 203?
False
Is 96 a factor of 649?
False
Is 780 a multiple of 3?
True
Does 39 divide 1103?
False
Does 53 divide 22260?
True
Is 3866 a multiple of 15?
False
Is 104 a factor of 1976?
True
Is 18 a factor of 10002?
False
Does 28 divide 8092?
True
Does 54 divide 594?
True
Does 111 divide 4551?
True
Does 4 divide 708?
True
Is 17 a factor of 1990?
False
Is 53 a factor of 1007?
True
Is 19 a factor of 125?
False
Does 2 divide 265?
False
Does 63 divide 50542?
False
Is 22 a factor of 4133?
False
Is 103 a factor of 8911?
False
Is 8007 a multiple of 157?
True
Is 1773 a multiple of 52?
False
Is 13 a factor of 126698?
True
Does 9 divide 46?
False
Does 58 divide 3248?
True
Is 494 a multiple of 54?
False
Does 13 divide 2353?
True
Does 54 divide 1267?
False
Is 3373 a multiple of 24?
False
Is 8223 a multiple of 8?
False
Is 2955 a multiple of 20?
False
Does 39 divide 585?
True
Is 143 a multiple of 13?
True
Is 84 a multiple of 36?
False
Does 157 divide 5096?
False
Does 34 divide 2754?
True
Is 21 a factor of 35?
False
Is 274 a factor of 135082?
True
Is 28482 a multiple of 141?
True
Is 103 a factor of 1030?
True
Is 49 a factor of 196?
True
Is 47 a factor of 1269?
True
Is 493 a multiple of 29?
True
Is 326 a multiple of 17?
False
Is 27 a multiple of 4?
False
Does 44 divide 10668?
False
Does 10 divide 260?
True
Is 11 a factor of 374?
True
Is 5977 a multiple of 43?
True
Does 4 divide 2068?
True
Is 7840 a multiple of 14?
True
Does 166 divide 33154?
False
Does 21 divide 205?
False
Is 13 a factor of 923?
True
Is 99686 a multiple of 60?
False
Does 49 divide 34594?
True
Is 715 a multiple of 14?
False
Is 7 a factor of 679?
True
Does 26 divide 1668?
False
Does 13 divide 6916?
True
Is 2892 a multiple of 12?
True
Does 24 divide 1770?
False
Is 14 a factor of 2485?
False
Is 440 a multiple of 48?
False
Does 33 divide 264?
True
Does 41 divide 3128?
False
Is 23764 a multiple of 102?
False
Is 2080 a multiple of 26?
True
Does 100 divide 9334?
False
Does 3 divide 7989?
True
Is 10899 a multiple of 3?
True
Does 51 divide 612?
True
Does 39 divide 897?
True
Is 81 a factor of 16006?
False
Is 120 a factor of 3120?
True
Is 31 a factor of 4337?
False
Is 1066 a multiple of 13?
True
Does 34 divide 18462?
True
Is 825 a multiple of 5?
True
Is 13288 a multiple of 120?
False
Does 21 divide 22365?
True
Is 491 a multiple of 9?
False
Does 2 divide 98?
True
Does 33 divide 4059?
True
Is 6 a factor of 734?
False
Is 94 a factor of 4731?
False
Does 37 divide 179093?
False
Does 51 divide 1051?
False
Is 65 a factor of 34664?
False
Is 64 a multiple of 5?
False
Is 12 a factor of 5925?
False
Is 63 a factor of 903?
False
Is 10 a factor of 420?
True
Is 46 a factor of 6992?
True
Is 46 a factor of 30192?
False
Does 13 divide 234?
True
Is 15 a factor of 2265?
True
Is 135 a factor of 26466?
False
Does 80 divide 57680?
True
Does 141 divide 48653?
False
Is 24 a factor of 480?
True
Is 37 a factor of 380?
False
Is 6 a factor of 894?
True
Does 103 divide 898?
False
Does 4 divide 469?
False
Is 1202 a multiple of 18?
False
Is 108 a factor of 6363?
False
Is 211735 a multiple of 17?
True
Does 30 divide 20760?
True
Is 24917 a multiple of 20?
False
Does 90 divide 13806?
False
Does 62 divide 5952?
True
Is 5796 a multiple of 69?
True
Is 110 a multiple of 2?
True
Is 27 a factor of 610?
False
Is 387 a multiple of 6?
False
Is 6 a factor of 1908?
True
Is 15 a factor of 47334?
False
Is 22 a factor of 14208?
False
Does 316 divide 110600?
True
Is 16 a factor of 4618?
False
Is 144 a multiple of 3?
True
Is 64 a factor of 448?
True
Is 5 a factor of 640?
True
Is 553 a multiple of 79?
True
Does 60 divide 600?
True
Is 59568 a multiple of 136?
True
Is 6401 a multiple of 173?
True
Is 146 a factor of 14139?
False
Is 8 a factor of 460?
False
Is 22 a factor of 11594?
True
Is 1811 a multiple of 14?
False
Is 28 a factor of 2040?
False
Is 47 a factor of 8689?
False
Is 1752 a multiple of 8?
True
Is 294 even?
True
Does 4 divide 2293?
False
Is 836 a multiple of 19?
True
Is 98 a factor of 21157?
False
Is 23 a factor of 38571?
True
Does 174 divide 696?
True
Is 45627 a multiple of 101?
False
Does 71 divide 44872?
True
Is 62 a factor of 15220?
False
Is 12 a factor of 7908?
True
Does 74 divide 1110?
True
Is 6160 a multiple of 8?
True
Does 3 divide 734?
False
Is 5 a factor of 429?
False
Is 62 a factor of 16862?
False
Is 478 a multiple of 18?
False
Is 5 a factor of 1209?
False
Does 68 divide 1768?
True
Is 26 a factor of 286?
True
Is 2646 a multiple of 9?
True
Does 4 divide 6144?
True
Is 6 a factor of 48?
True
Does 163 divide 12551?
True
Does 24 divide 288?
True
Is 4322 a multiple of 25?
False
Is 17 a factor of 6353?
False
Is 198 a multiple of 16?
False
Does 51 divide 7685?
False
Is 5192 a multiple of 59?
True
Is 22 a factor of 1980?
True
Does 9 divide 135?
True
Does 24 divide 296?
False
Is 666 a multiple of 18?
True
Is 1508 a multiple of 13?
True
Does 24 divide 21000?
True
Does 11 divide 1301?
False
Is 1872 a multiple of 36?
True
Is 50 a factor of 100?
True
Does 124 divide 1711?
False
Does 36 divide 11232?
True
Is 40 a factor of 2078?
False
Does 44 divide 440?
True
Is 18 a factor of 43992?
True
Is 19 a factor of 523?
False
Is 21 a factor of 10917?
False
Does 31 divide 6322?
False
Is 110 a multiple of 2?
True
Is 239 a multiple of 8?
False
Is 15 a factor of 285?
True
Is 34 a factor of 1326?
True
Is 21 a factor of 21?
True
Is 17 a factor of 2618?
True
Is 15 a factor of 2112?
False
Does 12 divide 73512?
True
Is 16 a factor of 1990?
False
Is 19067 a multiple of 23?
True
Is 455 a multiple of 7?
True
Is 50862 a multiple of 42?
True
Is 35 a factor of 19248?
False
Is 9 a factor of 31734?
True
Is 3036 a multiple of 46?
True
Is 952 a multiple of 4?
True
Is 1288 a multiple of 35?
False
Is 111 a factor of 122378?
False
Does 34 divide 100267?
False
Does 7 divide 140?
True
Is 3584 a multiple of 32?
True
Is 1890 a multiple of